{"id":19,"date":"2013-04-10T07:51:25","date_gmt":"2013-04-10T07:51:25","guid":{"rendered":"http:\/\/www.incdmtm.ro\/cermiso\/?page_id=19"},"modified":"2021-04-06T09:23:14","modified_gmt":"2021-04-06T09:23:14","slug":"home","status":"publish","type":"page","link":"https:\/\/prold.metrorom.eu.org\/cermiso\/?page_id=19","title":{"rendered":"Home"},"content":{"rendered":"<p><b><a href=\"http:\/\/www.incdmtm.ro\/cermiso\/wp-content\/uploads\/2013\/04\/Untitled-1.png\" rel=\"lightbox[19]\"><img loading=\"lazy\" class=\"size-medium wp-image-21 alignright\" style=\"margin: 8px;\" alt=\"Untitled-1\" src=\"http:\/\/www.incdmtm.ro\/cermiso\/wp-content\/uploads\/2013\/04\/Untitled-1-300x196.png\" width=\"300\" height=\"196\" srcset=\"http:\/\/incdmtm.ro\/cermiso\/wp-content\/uploads\/2013\/04\/Untitled-1-300x196.png 300w, http:\/\/incdmtm.ro\/cermiso\/wp-content\/uploads\/2013\/04\/Untitled-1.png 388w\" sizes=\"(max-width: 300px) 100vw, 300px\" \/><\/a>Titlul proiectului: <\/b><\/p>\n<p><b>CENTRU DE CERCETARE SISTEME MECATRONICE INTELIGENTE DE SECURIZARE OBIECTIVE \u0218I INTERVEN\u021aII\/ CERMISO<\/b><\/p>\n<p><strong>Tip proiect<\/strong><\/p>\n<p>PROIECTE DE INVESTI\u021aII PENTRU INSTITU\u021aII PUBLICE DE CD\/UNIVERSIT\u0102\u021aI<\/p>\n<p><strong>Program Operational Competitivitate 2014-2020<\/strong><\/p>\n<p>AXA PRIORITAR\u0102 1 &#8211; CERCETARE, DEZVOLTARE TEHNOLOGIC\u0102 \u0218I INOVARE<\/p>\n<p>(CDI) \u00ceN SPRIJINUL COMPETITIVIT\u0102\u0162II ECONOMICE \u0218I DEZVOLT\u0102RII AFACERILOR<\/p>\n<p>Ac\u0163iunea 1.1.1: MARI INFRASTRUCTURI DE CD<\/p>\n<p><strong>Autoritate contractant\u0103 (finan\u0163atoare)<\/strong><\/p>\n<p>Autoritatea Nationala pentru Cercetare Stiintifica si Inovare in calitate de Organism Intermediar\u00a0(OI)<\/p>\n<p><b>Durat\u0103<\/b><\/p>\n<p>Durata proiectului este de 50 luni.<\/p>\n<p><b>Valoarea totala proiect: 10.793.461 lei<\/b><\/p>\n<p><b>Valoare totala eligibila nerambursabila: <\/b><b>10.781.461 lei<\/b><b><\/b><\/p>\n<p><a href=\"http:\/\/www.incdmtm.ro\"><img loading=\"lazy\" class=\"alignnone size-full wp-image-116\" alt=\"incdmtm\" src=\"http:\/\/www.incdmtm.ro\/cermiso\/wp-content\/uploads\/2020\/02\/incdmtm.jpg\" width=\"236\" height=\"169\" \/>\u00a0 <\/a>\u00a0 \u00a0 \u00a0 \u00a0 \u00a0 \u00a0 \u00a0 \u00a0 \u00a0 \u00a0 \u00a0 \u00a0 \u00a0 \u00a0 \u00a0 \u00a0 \u00a0\u00a0<a title=\"Ministerul Fondurilor Europene\" href=\"http:\/\/mfe.gov.ro\/programe\/autoritati-de-management\/am-poc\/\"><img loading=\"lazy\" class=\"alignnone size-medium wp-image-103\" alt=\"minfonduri\" src=\"http:\/\/www.incdmtm.ro\/cermiso\/wp-content\/uploads\/2020\/02\/minfonduri-300x100.png\" width=\"300\" height=\"100\" srcset=\"http:\/\/incdmtm.ro\/cermiso\/wp-content\/uploads\/2020\/02\/minfonduri-300x100.png 300w, http:\/\/incdmtm.ro\/cermiso\/wp-content\/uploads\/2020\/02\/minfonduri.png 320w\" sizes=\"(max-width: 300px) 100vw, 300px\" \/><\/a><\/p>\n","protected":false},"excerpt":{"rendered":"<p>Titlul proiectului: CENTRU DE CERCETARE SISTEME MECATRONICE INTELIGENTE DE SECURIZARE OBIECTIVE \u0218I INTERVEN\u021aII\/ CERMISO Tip proiect PROIECTE DE INVESTI\u021aII PENTRU INSTITU\u021aII PUBLICE DE CD\/UNIVERSIT\u0102\u021aI Program Operational Competitivitate 2014-2020 AXA PRIORITAR\u0102 1 &#8211; CERCETARE, DEZVOLTARE TEHNOLOGIC\u0102 \u0218I INOVARE (CDI) \u00ceN SPRIJINUL COMPETITIVIT\u0102\u0162II ECONOMICE \u0218I DEZVOLT\u0102RII AFACERILOR Ac\u0163iunea 1.1.1: MARI INFRASTRUCTURI DE CD Autoritate contractant\u0103 (finan\u0163atoare) Autoritatea [&hellip;]<\/p>\n","protected":false},"author":1,"featured_media":0,"parent":0,"menu_order":0,"comment_status":"open","ping_status":"open","template":"","meta":[],"_links":{"self":[{"href":"https:\/\/prold.metrorom.eu.org\/cermiso\/index.php?rest_route=\/wp\/v2\/pages\/19"}],"collection":[{"href":"https:\/\/prold.metrorom.eu.org\/cermiso\/index.php?rest_route=\/wp\/v2\/pages"}],"about":[{"href":"https:\/\/prold.metrorom.eu.org\/cermiso\/index.php?rest_route=\/wp\/v2\/types\/page"}],"author":[{"embeddable":true,"href":"https:\/\/prold.metrorom.eu.org\/cermiso\/index.php?rest_route=\/wp\/v2\/users\/1"}],"replies":[{"embeddable":true,"href":"https:\/\/prold.metrorom.eu.org\/cermiso\/index.php?rest_route=%2Fwp%2Fv2%2Fcomments&post=19"}],"version-history":[{"count":14,"href":"https:\/\/prold.metrorom.eu.org\/cermiso\/index.php?rest_route=\/wp\/v2\/pages\/19\/revisions"}],"predecessor-version":[{"id":23,"href":"https:\/\/prold.metrorom.eu.org\/cermiso\/index.php?rest_route=\/wp\/v2\/pages\/19\/revisions\/23"}],"wp:attachment":[{"href":"https:\/\/prold.metrorom.eu.org\/cermiso\/index.php?rest_route=%2Fwp%2Fv2%2Fmedia&parent=19"}],"curies":[{"name":"wp","href":"https:\/\/api.w.org\/{rel}","templated":true}]}}